. List the prime factors of v(6).
2, 3, 5, 131
Let f be -240*(5 - (-69)/(-12)). What are the prime factors of (f/(-80))/(1/(-48))?
2, 3
Suppose -2*z + 64 = -2*q + 4*q, -4*q - 3*z + 132 = 0. Let t be q/21 - 2/(-7). Let x = t - -11. What are the prime factors of x?
13
Let n(w) = -178*w + 130. List the prime factors of n(-5).
2, 3, 5, 17
Suppose 15560 = -59*p + 67*p. List the prime factors of p.
5, 389
Let u(y) = 22*y**2 - y + 1. What are the prime factors of u(1)?
2, 11
Let c = -8 - -8. Suppose -5*q + c*p + 184 = p, -149 = -4*q + p. What are the prime factors of q?
37
Suppose 0 = 3*c - 4*b - 5578, -c + 610 + 1256 = -3*b. What are the prime factors of c?
2, 3, 103
Let g be 9*((-1)/6)/(-1)*2. Suppose g*h + p = 265, 3*p = -h - h + 179. What are the prime factors of h?
2, 11
Let z = -11 - 29. Let d = 32 - z. List the prime factors of d.
2, 3
Let z(o) = -o**3 - o**2 + 2*o - 3. Let r be z(-3). Let u = r + -7. Suppose u*v - 88 + 32 = 0. List the prime factors of v.
2, 7
Suppose 3*z = 2*w - 1320, -4*w + 3479 = 5*z + 817. What are the prime factors of w?
3, 13, 17
Let i = 388 - 46. Suppose 5*m - i = 453. Suppose 0 = 4*c - m - 101. What are the prime factors of c?
5, 13
Let x(w) = -w**2 + 46*w - 131. What are the prime factors of x(25)?
2, 197
List the prime factors of (-32829)/(-62)*((-10)/(-6) - 1).
353
Let m(x) = -26*x + 5*x + 5 - 27 + 3*x**2 - 27*x. List the prime factors of m(20).
2, 109
Let v(z) = -z**2 + 13*z + 4. Let m be v(13). Suppose -7*w = -m*w - 207. What are the prime factors of w?
3, 23
Suppose -x + 359 = -273. Let g = x + -398. What are the prime factors of g?
2, 3, 13
Suppose 3 = -2*g - 3. Let v be 246/9 - g/(-9). Suppose -3*c + v = -24. List the prime factors of c.
17
Let r(d) = 4*d**2 + d + 1. Suppose f = -4*f - 2*o - 13, 4*o = 5*f + 19. List the prime factors of r(f).
2, 17
Let n(d) = d**2 - 4*d + 6. Let t be n(-5). Let y = t + -96. Let w = y + 68. List the prime factors of w.
23
Let d = -50 + 41. List the prime factors of ((-6)/d - (-6)/(-18))*285.
5, 19
Suppose 15*z - 3 = 12*z. Let n be 9 + 0 + 0 - z. Suppose 5*c - 45 = -4*y, -2*c + y + n + 10 = 0. List the prime factors of c.
3
Suppose 3 - 13 = -2*h. Suppose 0 = -h*g, -2*g + g + 1560 = 5*j. Suppose 63 + j = 5*c. List the prime factors of c.
3, 5
Let w(x) = -3*x**2 + 8*x - 7. Let s be w(2). What are the prime factors of ((2 - 141) + s)*-1?
2, 71
Let m = 11 + -12. Let w = m - -6. Suppose -4*s = -w*r - 75 - 25, 4*s + r = 124. What are the prime factors of s?
2, 3, 5
Suppose 36 - 121 = -n. Let o = n + -39. What are the prime factors of o?
2, 23
Let y(c) = -c**2 + 50*c - 8. What are the prime factors of y(34)?
2, 67
Suppose 3*b = 4*b. List the prime factors of 1 - (b + 3) - -179.
3, 59
Let i be 1 - 1 - (-8)/4. Let p be (-8)/i - (-18 - 12). Let o = 73 - p. What are the prime factors of o?
47
Let f(j) = 64*j + 162. List the prime factors of f(7).
2, 5, 61
Suppose 19*r = 15*r + 2744. What are the prime factors of r?
2, 7
Let h(m) be the second derivative of -m**3/6 + 9*m**2/2 - 6*m. What are the prime factors of h(-6)?
3, 5
Let k = -8 + 9. Let u be (7/35)/(k/5). What are the prime factors of u - (2 + (-3 - 37))?
3, 13
List the prime factors of (-87)/4*(-456)/18.
19, 29
Suppose -g + 35 = -99. Suppose 0 = 4*n - 2*d + 204, 16 = 2*n + 3*d + g. Let y = -19 - n. What are the prime factors of y?
2, 17
Let y(p) = p**3 - 5*p**2 - 5*p - 2. Let h be y(6). Suppose -28 = h*g - r, -16 = -3*r - r. What are the prime factors of (4/g)/(2/(-102))?
2, 17
Let h = -1474 - -3396. List the prime factors of h.
2, 31
Suppose 101*r - 137964 = 55350. What are the prime factors of r?
2, 3, 11, 29
Let u be (-82)/(-26) - 14/91. Suppose 5 = u*d - 4. Let f(h) = 2*h**2 + 3*h - 2. What are the prime factors of f(d)?
5
Suppose -3*y = y + 100. Let z be (-5)/(y/(-22))*-25. Let w = z - 60. List the prime factors of w.
2, 5
Let x(r) be the second derivative of r**3 + 9*r**2/2 + 28*r. List the prime factors of x(6).
3, 5
Let a be ((-4)/8)/((-1)/8). Suppose o = -a*b + 3, -2*o = 2*b - 0 + 6. Suppose 2*l = h - 29, b*l - 55 - 41 = -4*h. What are the prime factors of h?
5
Let q be (-8)/6 + -15*8/(-9). What are the prime factors of 1512/q + -1 + (1 - 0)?
2, 3, 7
Let v(d) = 30 - 13 - 27*d + 24*d. What are the prime factors of v(-8)?
41
Suppose 4*u - 330 = -2. Let s = u + -51. What are the prime factors of s?
31
Suppose 0*q + 3*q = 0. Suppose q = -5*g + 4*g - 1, 0 = 5*z - 2*g - 12. List the prime factors of z.
2
Let m(r) = -r**3 - 3*r**2 - 2*r + 769. What are the prime factors of m(0)?
769
Suppose 4*v - 2422 = 7298. What are the prime factors of v?
2, 3, 5
Suppose 0 = 12*i + 239 - 9083. What are the prime factors of i?
11, 67
Let l be 56 + 1/((-2)/8). Let n = l - -37. List the prime factors of n.
89
Let o(u) = 322*u + 15. What are the prime factors of o(2)?
659
Suppose -20*g - 1274 = -4994. List the prime factors of (g/24)/((-1)/(-24)).
2, 3, 31
Let b = 19 - 9. Let g = -8 + b. Suppose -g*k + 49 = -39. What are the prime factors of k?
2, 11
Let x be 3 + (-24)/9 + 128/3. Let z = -20 + x. List the prime factors of z.
23
List the prime factors of 2/1 + -1985*8/(-20).
2, 199
Let l(p) = p**2 - p + 10. Let q(v) = v**2 + 9. Let z(m) = -5*l(m) + 6*q(m). Let o be z(-10). What are the prime factors of o/2 + -4 + 6?
29
Let f(i) = i - 20. Let r be f(0). Let x = 92 + r. Let p = x + -46. List the prime factors of p.
2, 13
Let k(i) = 9*i - 1. Let r be k(4). Suppose 0 = -13*o + 6*o + r. Suppose o*g - 418 = -88. What are the prime factors of g?
2, 3, 11
Let q = 9 - -13. Suppose q*h = 19*h + 579. What are the prime factors of h?
193
Suppose 26*t - 18*t - 4896 = 0. What are the prime factors of t?
2, 3, 17
Let u(c) = 3*c**3 + 2*c**2 - 2*c + 1. Let w be u(1). Let r be (-9 - -51) + -1*w. Suppose -4*l = -10 - r. List the prime factors of l.
2, 3
Let v = -164 - -707. What are the prime factors of v?
3, 181
Suppose 2*i = 3*r - i - 168, 2*i - 10 = 0. Let z = -37 + r. List the prime factors of z.
2, 3
Let m be (-1562)/(-18) - (-2)/9. Let d = m - 168. What are the prime factors of 48/18*d/(-4)?
2, 3
Suppose -1 = -5*f - 4*l, 3*f = -5*l + 1 - 3. Suppose 3*j + f - 142 = 0. Suppose 3*t - j = -11. What are the prime factors of t?
2, 3
Suppose -463*f + 468*f = 15415. What are the prime factors of f?
3083
Let m = -42 - -5. Let n = 10 - m. List the prime factors of n.
47
Let g = 1 + 10. Let z = -29 + g. Let f = z + 32. What are the prime factors of f?
2, 7
List the prime factors of (-40051)/(-22) + 2*2/8.
3, 607
Suppose 0 = 16*m + 1217 - 9889. List the prime factors of m.
2, 271
Suppose -18 = 5*z + 157. Let u = z - -71. Suppose 6*b + v = 4*b + 47, -u = -b - 3*v. List the prime factors of b.
3, 7
Let h(v) = -v**2 - 11*v - 16. Let j be h(-9). Suppose 123 = 4*z - z + 3*m, -6 = j*m. What are the prime factors of z?
2, 11
Let r be ((-6)/(-5))/(14/385). Let i = r + -21. What are the prime factors of i?
2, 3
Suppose 0 = -8*r + 10*r + 5*d - 9603, 0 = -3*r + 3*d + 14352. List the prime factors of r.
4789
Let g be 408/10 - (-16)/(-20). Suppose -305 - g = -5*c. What are the prime factors of c?
3, 23
Let s = -146 + 240. List the prime factors of (29/(-3))/(-4 + s/24).
2, 29
Let i be (1 - 3)*(-148)/8. Suppose -4*v + i = 2*h - 47, -4*v = 5*h - 234. List the prime factors of h.
2, 5
List the prime factors of 1004/(-20)*4/(16/(-60)).
3, 251
Suppose 0 = 5*k - 2*k - 9. Suppose 2*y = -k*q - q + 984, 3*y = -12. What are the prime factors of q?
2, 31
Let d = 459 + -218. Let y = -141 + d. What are the prime factors of y?
2, 5
Let q(l) be the second derivative of l**3/6 + 23*l**2/2 - 7*l + 1. Let g be -4 + 4 + 0 + 8. What are the prime factors of q(g)?
31
Suppose -492*g + 195 = -479*g. List the prime factors of g.
3, 5
What are the prime factors of (-7)/(-4)*377 - (-1)/4?
2, 3, 5, 11
Let b(u) = 3*u + 20. Let x be b(-6). Suppose 4*g - x*y - 112 = 190, -4*g - 3*y + 307 = 0. What are the prime factors of g?
2, 19
Let i(n) = 2*n**2 - 8*n + 8. Let j be i(6). Let q = -22 + j. What are the prime factors of q?
2, 5
Let y(l) be the third derivative of 11*l**6/720 - l**5/24 - l**4/24 - 2*l**2. Let b(i) be the second derivative of y(i). What are the prime factors of b(3)?
2, 7
Suppose 0 = -3*q + 2*j - 4 - 9, 4*q = -j - 10. Let f be ((-4)/(-1) + q)*-4. List the prime factors of ((-5)/4)/(f/48).
3, 5
Su